 = g - u, -4*g + w + 1896 = -2*g. Is g a prime number?
True
Let m(v) = -5*v**3 - 30*v**2 - 37*v + 163. Is m(-19) a prime number?
False
Let y = 44 + -39. Let s(i) = -1 + 9 - 7*i**2 - 10*i + y + 9*i**3 - 4*i**3. Is s(6) composite?
True
Suppose -25*d = 73*d - 15371986. Is d prime?
False
Suppose -89 = -2*i - 29. Suppose -i*h - 314319 + 861129 = 0. Is h composite?
True
Let m(h) = -5*h**2 - 35*h + 12. Let c be m(-8). Let q(d) = 41*d**2 + 33*d + 87. Is q(c) composite?
False
Suppose -130*l - 40*l + 1780410 = -0*l. Is l a composite number?
True
Let a be (2/(-4) + 2)/((-159)/(-47276)). Suppose 0*z - 4*z = -1140. Let r = a - z. Is r prime?
False
Let f = -6182 - -9270. Let k = f - 1214. Is k a prime number?
False
Suppose -u - 11156 = u. Let k be (-15 - -13)*(3/6 - -3 - 1). Is (-3 - (k + 3))/(2/u) a prime number?
True
Let o be (10 + -62)*(-694)/8. Suppose -19785 = -3*m - 3*f, m + 5*f - o = 2084. Is m a composite number?
True
Let w = 97 + -93. Suppose w*u - 28 = -10*u. Is (u + -3)/(7 - 6) - -486 a composite number?
True
Let i(c) = c**3 - 16*c**2 - c + 16. Let h be i(16). Suppose -5*u = 5*f + 1247 - 3207, h = -2*u - 3*f + 782. Is u composite?
True
Let o(z) = -z**2 + 18*z - 86. Let t be o(8). Is (5 + t)*(-2060 - -9) a prime number?
False
Suppose -175 - 185 = -p + f, -p + 5*f = -360. Suppose t - 7907 = -5*n + p, n + 41439 = 5*t. Is t a composite number?
False
Suppose 4*l + 4 - 20 = 0, -2*l = -k - 324. Let f = k - -1949. Is f composite?
True
Let t = 18192 - 8127. Suppose 2002 = -y + 4*h + 12099, y = -4*h + t. Is y a prime number?
False
Let g = 29475 - 10468. Suppose 5*s = -g + 65562. Is s composite?
False
Let o(y) = 1661*y + 56. Let q be o(-8). Let k = -7546 - q. Is k composite?
True
Let i = 702543 + -47180. Is i prime?
False
Let b(o) = 118352*o - 1163. Is b(3) a composite number?
True
Let i(p) = 16*p**2 - 74*p + 41. Is i(-22) a composite number?
False
Let v = 642451 - 407952. Is v a composite number?
False
Let k = 45546 + -21068. Is k prime?
False
Suppose 0 = -4*u - 4*n - 24728, -u + 10*n - 6174 = 7*n. Let w = u + 9103. Is w a prime number?
False
Let n be 8/20 - (-546)/(-65). Is 2249 + n + (5 - -5) a prime number?
True
Is ((-264051)/12)/(52/(-208)) a prime number?
False
Let g be (29/(-58))/(2/(-8)). Is 137/(7/(51 - g)) a composite number?
True
Let b(p) = 5*p**2 - 28*p + 93. Let q(m) = -2*m**2 + 9*m - 31. Let r(i) = -3*b(i) - 8*q(i). Let d = 20 - 38. Is r(d) a composite number?
True
Let v(n) = -113*n**2 - 2*n - 2. Let c be v(-6). Let o = c - -7467. Is o prime?
False
Let h(o) = -o**3 + 4*o**2 + 7*o - 9. Let j be h(3). Let v = j + -17. Is (-54741)/(-33) - 2 - v/(-22) a composite number?
False
Let r be ((-7 + 61)/6)/3. Suppose 3*g = z + 146, -5*z = -0*g - r*g + 142. Is g a composite number?
True
Let j(f) = -39298*f + 2227. Is j(-9) a prime number?
True
Suppose -2*i - 23402 = -4*k, 4*i + 2*k - 9450 = -56304. Let v = i - -17320. Is v a prime number?
False
Let o(n) = 8*n - 158. Let v be o(23). Suppose 0 = -5*c - 28*s + v*s + 18245, 18225 = 5*c - 2*s. Is c prime?
False
Let u = -12086 + 17647. Suppose -u = -5*o + 5*p + 2159, -4631 = -3*o + 2*p. Is o a composite number?
False
Let u(l) = 4 + 112*l + 2*l - 2. Let v be u(1). Suppose 5*x - 1159 = -2*t + v, 5*t = 4*x - 1053. Is x a prime number?
True
Let h be ((-552)/36)/(2/(-15)). Let c = 114 - h. Is (6805/(-15))/(c/3) a prime number?
True
Let p(z) = z**3 - 12*z**2 + 12*z - 17. Let v = 89 - 78. Let x be p(v). Let o = 137 + x. Is o prime?
True
Let r(n) = n**2 - 11*n + 7. Let q be r(11). Suppose q*b = 8*b. Suppose 5*v + 3127 - 9402 = b. Is v a composite number?
True
Let p(g) be the third derivative of -37*g**4/12 - 25*g**3/6 - 6*g**2. Suppose -11*j - 69 = -6*j - 3*z, -5*j - 63 = -z. Is p(j) prime?
True
Suppose -c - 6*c + 28 = 0. Let v be 15/(2/226*(-2)/c). Is (v - -4)*(2 + 5/(-2)) prime?
True
Suppose 0 = -33*c + 3920664 + 4677818 + 20029. Is c composite?
False
Suppose 0 = 12*v - v - 8921. Is (-2 - v)*-1*1 composite?
True
Let c = 42805 - -7302. Is c a composite number?
True
Let l be 15/(-10)*(-7880)/(-6). Is (-3)/15*-5 - (-2 + l) composite?
False
Suppose -a + 4*t = 1734, 5*a + t + 8760 = 3*t. Let g = -597 + a. Let l = 3774 + g. Is l composite?
False
Suppose -10*o + 4 = -8*o. Suppose -31341 = -7*f + 3*f - 5*d, o*d + 15648 = 2*f. Suppose -2*v - 6*j + j = -3150, -f = -5*v - j. Is v a composite number?
True
Let v(q) = q**2 - 19*q + 1. Let f be v(20). Suppose -8*a - f - 51 = 0. Let z(k) = -74*k - 7. Is z(a) a prime number?
True
Let d(l) = -l - 1. Let k(x) = -43*x + 29. Let n(c) = 2*d(c) - k(c). Let s(j) = 42*j - 31. Let q(p) = 3*n(p) - 2*s(p). Is q(20) composite?
True
Suppose -3*g = l - 75611, -18*l - 3*g = -18*l. Is l a composite number?
False
Let z = 11784 - -69625. Is z a composite number?
False
Let h(w) = 19*w**2 + 90*w - 122. Is h(-67) composite?
False
Let i(s) be the third derivative of -297*s**4/4 + s**3/3 - 7*s**2. Let r be i(-1). Suppose -8*n + r = -0*n. Is n composite?
False
Let j(m) = 2*m**3 + 5*m**2 + 3*m - 6. Let p(i) = -6*i - 4. Let g be p(-3). Let k be j(g). Suppose 881 = 7*x - k. Is x a prime number?
False
Let t(g) = -4*g - 18. Let p be t(-5). Suppose -v + s = -2, 3*v + 4*s - 14 = 3*s. Suppose -p*u + 8 = -v*u, -3*l + 5*u = -2957. Is l a composite number?
True
Let l(o) = -3*o**3 - 59*o**2 + 16*o + 59. Let q(a) = -a**3 - 20*a**2 + 6*a + 20. Let t(z) = -6*l(z) + 17*q(z). Is t(-9) a prime number?
True
Suppose p + 7 = 2*p + 5*h, 3*p - h - 21 = 0. Suppose p*i + 16093 = 78225. Is i/42*(1 - 1/(-2)) prime?
True
Let k = 141106 + -17547. Is k a prime number?
False
Suppose 4*y = 649 - 641. Let d(g) = 2427*g + 19. Is d(y) a composite number?
True
Let t = 815630 + -442848. Is t composite?
True
Is (3/(-7))/((-64)/(-224))*13522/(-3) prime?
True
Suppose -4*z - 4*j = -3*j - 451, 0 = 3*z + 4*j - 348. Suppose z - 10774 = -6*x. Is x a composite number?
False
Let h(g) = -29*g**3 - g**2 - 5. Let q(z) = z. Let b(i) = -h(i) - q(i). Suppose 2*m - 7 = -s, 2*m = 17*s - 22*s + 19. Is b(m) prime?
True
Let p(u) be the third derivative of -1/120*u**6 + 1/6*u**4 + 11*u**2 + 5/6*u**3 + 0*u + 0 + 1/15*u**5. Is p(4) a composite number?
True
Let y = -17 - -9. Let o be -1 - (1 + 0 - (-3 + 8)). Is ((-142)/(-8))/(22/y + o) prime?
True
Let s = -111413 - -219465. Suppose -74*f + s = -46*f. Is f prime?
False
Suppose 583*b + 1119443 = 596*b. Is b prime?
True
Let c = 69 - 147. Let d = c - -80. Suppose -329 = d*h - 1845. Is h a prime number?
False
Let x be (-7)/14*(5 - 21479). Suppose 3*y - x + 624 = 0. Is y prime?
True
Suppose 0 = -s + 140067 - 2672. Is s composite?
True
Let g = 3293 + -4655. Let k(m) = m**3 + 3*m**2 - 4*m - 4. Let q be k(-4). Is g/(1 + q) + 0 a prime number?
False
Suppose 9 = -2*t + 15, -156455 = -p + 4*t. Is p composite?
False
Let s(n) = 84*n**2 - 100*n - 351. Is s(-24) a prime number?
False
Suppose -17*z + 6844 = -13*z. Let u = z + -650. Is u a composite number?
False
Let d(f) = 9*f - 7. Let y = 18 - 12. Let g(j) = 26*j - 22. Let n(s) = y*g(s) - 17*d(s). Is n(12) a prime number?
True
Suppose -f = o - 5*f - 18, -4*o + 3*f = -20. Suppose -o*r = -4*r + 10876. Let m = -2985 + r. Is m prime?
False
Let d = 13829 - -13394. Is d a prime number?
False
Let y = 127342 - -103973. Suppose -8*l = 7*l - y. Is l a composite number?
True
Let n be (56 + -1)*27/3. Suppose 259*g + 16 = 260*g + 4*y, -4*g - 4*y = -16. Suppose 3*u - 42 - n = g. Is u prime?
True
Suppose -14 = 38*l - 242. Suppose 0 = -w - 4*a + 101, 2*w - 4*a - 232 = -l*a. Is w composite?
True
Let j be 508/(-42) - (-22)/231. Is (0 - (-2)/3)*(-136926)/j composite?
False
Let k(f) = 9 + 360*f + 87 + 23. Is k(15) a prime number?
True
Is ((-61514)/(-7))/((-2272)/(-112) + -20) prime?
True
Suppose -4*o + 42300 = -4*d, 2*d = 5*d + 5*o + 31701. Is -2*(-1)/(-2)*d/6 a prime number?
False
Let p be ((-177640)/(-6))/(80/120). Let g = -29711 + p. Is g composite?
False
Let s(n) = 24*n**3 + 2*n**2 - 4*n + 13. Let j be s(-4). Let x = j - -3034. Is x a prime number?
True
Let d(c) = -11688*c + 3667. Is d(-60) a composite number?
False
Let m(s) = -s. Let f(c) = -18*c - 17. Let v(j) = f(j) + m(j). Let t be v(-4). Suppose -t*l - 615 = -64*l. Is l prime?
False
Let h = -65 - -20. Let n = -42 - h. Suppose n*t = -t + 1676. Is t composite?
False
Suppose 109 = 18*o - 71. Let v(c) = c**3 + c**2 + 6*c - 27. Is v(o) a prime 